ulate 11 - (4 + -6 + (9 - (-1 + 7))).
10
Calculate -56 - (-2 - (7 + 37)).
-10
Calculate (3 + 3 + 1 - 1) + -3.
3
(2 + -13 - -1) + 6
-4
Evaluate (60 - 40) + -58 + 35.
-3
-13 - (1 + 4) - -13
-5
Evaluate 18 + -23 + (12 - 5).
2
What is the value of -5 + -19 + 2 + 13?
-9
What is the value of (2 - (-3 - 2)) + (-2 - (3 - 4))?
6
(-1 - -5) + -7 - (9 + 0)
-12
What is the value of 0 + -3 + (-19 - -27) + 2 + -11?
-4
Evaluate -14 + -4 + (1 - (6 + 14)).
-37
What is the value of 1 + (-2 - (5 - 15))?
9
What is the value of 32 - (-2 + (17 - 3) + -14)?
34
-19 + -22 + 41 - (1 - -1)
-2
What is the value of 1 + 53 + -16 - 20?
18
Calculate -5 - -2 - (47 + -28 - 21).
-1
What is the value of -19 - -26 - (-4 - -10)?
1
Calculate (30 - 29) + (22 - 7).
16
Calculate -6 + -6 + 1 + 3 + 29 + -21.
0
-157 + 166 + -5 + -1
3
What is the value of 7 - 5 - 8 - (1 - 2)?
-5
What is the value of 5 + -34 + (6 - -1) + (4 - 0)?
-18
(37 - -2) + (21 - 37) + -11
12
What is the value of (-12 - -1) + (36 - 69) + 34?
-10
What is the value of 2 + (7 + -10 - (-10 + 1))?
8
Calculate 26 - 2 - (1630 + -1608).
2
What is 2 + -11 - -4 - (3 + 6)?
-14
Calculate 9 + (1 - 0 - (-28 + 29)) - 21.
-12
What is the value of 1 - -3 - (-4 - -10) - 7 - -17?
8
Evaluate 89 + -8 + -38 - 35.
8
What is the value of (352 - 348) + 0 + 0 + 9?
13
What is the value of 21 - (5 - -4 - 5) - (-12 + 12)?
17
What is the value of -11 - 1 - (81 + -42 - 28)?
-23
Calculate 4 - (-10 + 11) - 11.
-8
2 + (2 - (-9 - (9 - (8 + 2))))
12
Calculate -841 + 845 - (-5 + 0 + 0) - 13.
-4
12 - ((-3 - 5) + (20 - 5))
5
(5 - (6 + 7 - 8)) + 0
0
Calculate 50 + -53 + -5 + 0 + 7.
-1
What is the value of 83 + -60 - (2 + 6)?
15
Calculate (-1 - 10 - -18) + (-20 - -14).
1
What is 2 - (4 - -6 - -1)?
-9
Calculate -1 - (-1 - 6) - (-51 + 63 + 9).
-15
What is the value of (22 - 34 - 27) + 37?
-2
-15 - ((-4 - 12) + 12)
-11
Calculate (-1 - (-3 - -1 - -3)) + (54 - 62).
-10
Calculate 3 + -7 + (7 - 12 - -11) + 16.
18
Evaluate -11 + -9 + 9 + (40 + 2 - 6).
25
What is (29 - (6 - 1)) + (-5 + -6 - -4)?
17
What is -9 + -6 + 13 + (-4 - -1) + -4?
-9
What is 6 - ((-36 - 1) + 67)?
-24
Calculate -1 + (-12 - (-39 + 44 + -1 + -5)).
-12
What is 14 - ((80 - 86) + (2 + -5 - -3))?
20
What is the value of -14 - (2 + -17 - (9 + -20))?
-10
What is the value of (-6 - -7) + (-1 - 3) + -7?
-10
7 + -11 + (4 - 1) + 14
13
What is the value of (8 - -6) + -36 + 17 - (8 + 3)?
-16
What is 2 + (-12 - -13) + 5 - (-2 + 18)?
-8
What is the value of 11 + (23 - (24 + 3))?
7
Evaluate -4 - (3 + 9 + (-1 - 12)).
-3
Evaluate 4 + -3 - (4 - (4 - 1)).
0
Evaluate (21 - -4) + -51 - -4.
-22
Calculate -2 + -12 + 3 + -7 + -1.
-19
What is the value of 0 - (1 + (0 - (-7 - -7)))?
-1
What is 7 + (13 + -17 - 2)?
1
Evaluate -9 + 18 + (-12 - -5) + 13.
15
Calculate 40 + (-6 - 17) - (12 - 1).
6
What is (5 - 14) + -3 + (8 - 4)?
-8
(3 - 12) + -5 + 17 - (-2 - -10)
-5
What is the value of -1 + 1 + -5 + -1 + (3 - -5)?
2
(-1 + 7 - (3 + -7)) + 2
12
-829 + 810 - ((-1 - -2) + 4)
-24
Calculate 7 + 1 - (48 + -33 + -20).
13
Calculate 4 + 4 - ((-6 - -8 - 9) + 20).
-5
What is the value of (-13 - -18) + 11 - 37?
-21
Calculate 25 + -5 + 30 - (-1 - -19).
32
What is (13 - (15 + -10)) + (3 - 22)?
-11
Calculate 10 - (20 + -2) - -9.
1
Evaluate (7 - -6 - 10) + -2 + -5 + 7.
3
Evaluate -1 - ((6 - (0 - -6)) + -1).
0
Calculate (37 - (-12 - -25)) + (10 - 0).
34
Evaluate -23 + 1 + (-160 - -178).
-4
-1133 + 1129 - (-16 - 1)
13
Evaluate (7 - (1 - (-6 + 0 + 6))) + 7.
13
What is the value of 8 + -46 + 5 + 65?
32
What is the value of 1 - 1 - (-42 + -12 + 50)?
4
Calculate 26 - ((0 - 7) + (66 - 45) + -8).
20
What is 22 - (52 - (15 - -4))?
-11
What is the value of 182 - 181 - (-2 - -16)?
-13
What is the value of -5 + (-11 + 0 + 3 - (-44 + 40))?
-9
What is -22 + 39 - 26 - -21?
12
-2 + 4 + 3 + 1 - -3 - -3
12
Evaluate 22 + (-1 - (0 - 6)) - 6.
21
10 + -19 + -22 + 34
3
What is the value of 20 + -1 - (-3 - 0 - (-25 + 19))?
16
What is the value of 24 - (48 + (-21 - -5))?
-8
What is (2 - 5) + 9 - (-19 - -16) - 5?
4
What is 4 - 0 - (-10 - -17)?
-3
Calculate (-16 - (-7 + -2) - -6) + 1 + -1.
-1
Evaluate 44 - (24 - -14) - -10.
16
What is -7 - (60 + -87 - (0 + -2))?
18
What is the value of -5 - (-22 - (-1 - (-12 + 22)))?
6
What is (-2 - 7) + -6 - -3?
-12
What is -2 + -20 - (67 - 70)?
-19
Calculate -3 + 1 + 0 - (-51 - (46 - 101)).
-6
Calculate 5 - (-1 + 4 + (-7 - (-9 - 4))).
-4
-20 + 34 + (8 - 27)
-5
What is 1 + 8 + (-111 - -110)?
8
What is 3 + 8 + -11 + 1?
1
What is the value of -9 - (-12 + -3) - ((9 - 13) + 16)?
-6
-14 + 14 + -13 + -4
-17
What is the value of -2 + (-14 - -13 - 6)?
-9
-25 + 10 + (16 - 2) + -6 + -5
-12
28 + (-37 - 9 - -13)
-5
Calculate -7 + 13 - -9 - (1 + 2).
12
Calculate -115 + 103 - (-37 - -4).
21
Evaluate -3 + (-13 + 11 - 5 - 6).
-16
What is the value of 18 - (-53 - -67 - (7 - 0) - -1)?
10
Calculate (-15 - -36 - 19) + -16.
-14
What is the value of -5 + (5 - 25 - (-63 - -55))?
-17
Calculate -35 + -1 + (3 - -56).
23
What is 3 + (4 - -2 - (10 - (6 + 8)))?
13
32 + -63 + (12 - -20)
1
-1139 - -1174 - (1 + 6)
28
What is the value of -11 + 10 + 6 - -6?
11
What is -5 + -10 + -5 + 9 - -17?
6
What is the value of -5 + 0 + ((2 - 4) + 10 - 3)?
0
-8 - (4 + -2 + 0 + (64 - 83))
9
What is -6 + -4 + -7 + 24?
7
33 + 2 + 16 + -38
13
Calculate (-9 + -14 - -17) + -2 + -6.
-14
What is the value of 0 + (-12 - (8 - 17)) - (12 + 2)?
-17
Calculate -3 + 39 + (0 - 3) + 343 + -349.
27
39 + (-110 + 120 - (22 + -2))
29
What is (-3 - 0) + 1 + (-9 + 9 - 7)?
-9
Evaluate (-2 - -5) + -3 - (-31 - (-1 + 1)).
31
(4 - 8 - -24) + -69 + 64
15
What is (10 + 4 + -4 - 7) + (0 - -1)?
4
0 - ((5 - -4) + -9 + -27)
27
Evaluate (-24 - -29) + (-7 - (2 - 6)).
2
-8 + (8 + -18 - (-5 - -3))
-16
What is the value of 22 + -12 + (16 + -12 - (2 + 2))?
10
What is -2 + (-25 - -1 - -31)?
5
Evaluate 5 + 0 + 260 + -261.
4
Evaluate 1 - 4 - (2 - -1 - (1 - 1)).
-6
Evaluate (20 - 27 - 4) + -11.
-22
Evaluate (35 + 2 - 0) + (-821 - -806).
22
What is 9 + 10 + (-15 - 0)?
4
Calculate (-24 - (9 + -23)) + 17.
7
Evaluate 44 + 2 + -14 + -13.
19
Calculate 26 - (-8 + -1) - 0.
35
48 + -9 - 33 - (-1 + -1 + -2)
10
What is the value of 0 + -7 + -1 + (19 - -14) + -28?
-3
What is 13 + -7 + -8 + (0 + -3 - 11)?
-16
-43 + 37 - (-1 - -3)
-8
Calculate -1 + (-1 - 5) + 1 - -2 - -22.
18
-2 + -4 + -3 + 32 - 6 - -7
24
What is -35 + 15 + (-3 - 1) + 3 + 1?
-20
Evaluate -14 + -3 + 17 - -1.
1
Evaluate -6 - 1 - ((3 - -7) + -11).
-6
What is the value of 30 + -10 - 22 - (0 + (-1 - 2))?
1
Evaluate -7 - (1 + (2 + -6 - -3)).
-7
Calculate (9 + -5 - (-1 - -7)) + 3.
1
What is -16 + -4 + (8 + -6 - (1 + -1))?
-18
Calculate (1 - -4) + (-15 - (-18 + 15)).
-7
Calculate -16 - (7 - -6 - 32 - -13).
-10
Calculate 17 - (23 - (8 + 3)).
5
Calculate (-23 - -13) + 7 + (8 - 17).
-12
Evaluate (-1 - (-11 + 11 + 4)) + 7.
2
Calculate -1 + 7 - (-12 + 62) - -7 - -8.
-29
What is the value of 10 - (6 + (3 - 1)) - -2?
4
Evaluate (11 - 36 - -34) + (1 - 28).
-18
What is 5 + -3 + (-33 - -30 - (-8 - 0))?
7
What is the value of -12 - (-83 + 93 - (1 - -2 - 2))?
-21
What is (38 - 11) + -55 - -64?
36
Calculate 9 + (9 - (33 - 44)).
29
Evaluate 55 + -62 - (-21 + 7).
7
Evaluate (0 + -4 - 8) + 7 - (-1 + -6).
2
What is the value of -3 + 23 + 137 + -158?
-1
10 - (6 + (-2 - 0) + 10)
-4
Evaluate -21 + (-29 - -25) - -26.
1
What is the value of -18 - (3 - (13 + -2))?
-10
What is the value of 19 - (4 + (-11 - -31))?
-5
What is 376 + -385 - (1 + -11)?
1
Calculate (17 - 16 - -13) + -11.
3
What is (-38 - -3) + 34 - -32?
31
Evaluate -6 - (25 + -7 + -7 - 44).
27
Calculate -1 - (0 + 13) - -9.
-5
What is the value of 7 + -1 + 0 - (52 - 44)?
-2
Evaluate 2 - (-2 + -4 + (10 - -3 - 3)).
-2
What is the value of -46 + 17 + -1 + 9?
-21
What is the value of 10 - (9 - (12 - 2))?
11
What is -19 + (-16 - -6 - -34) - -17?
22
What is 7 - (5 - 2 - (-6 - (10 + -11)))?
-1
What is -12 + 13 + 0 - (-13 + -10)?
24
Calculate 2065 - 2043 - (39 - 1).
-16
What is the value of (22 - (-3 + 7)) + -2 + (-1 - 3)?
12
What is (8 + -20 + 6 - (-3 + -1)) + 3?
1
Calculate 20 + -72 + 22 - -18.
-12
Evaluate -21 + 42 + -20 + (-11 - 2).
-12
Calculate -18 + 10 + (-12 - (11 - 21)).
-10
What is the value of 2 + (12 + -8 - -13)?
19
(53 - 41 - (5 - 0) - 7) + 5
5
4 + 2 + 13 + -19
0
Calculate (0 - 2) + 10 + -4 + (-14 - -6).
-4
What is the value of -1 + 